{"id":388,"date":"2015-01-12T12:29:45","date_gmt":"2015-01-12T11:29:45","guid":{"rendered":"http:\/\/www.lafumacienne.be\/prijzen-en-beschikbaarheid\/?lang=fr"},"modified":"2025-10-27T15:05:51","modified_gmt":"2025-10-27T14:05:51","slug":"prijzen-en-beschikbaarheid","status":"publish","type":"page","link":"https:\/\/www.lafumacienne.com\/?page_id=388","title":{"rendered":"Prix et Disponibilit\u00e9"},"content":{"rendered":"<p><strong>Prix<\/strong><\/p>\n<table style=\"height: 432px;\" border=\"0\" width=\"569\" cellspacing=\"0\">\n<colgroup width=\"111\"><\/colgroup>\n<colgroup span=\"5\" width=\"97\"><\/colgroup>\n<tbody>\n<tr>\n<td align=\"left\" height=\"19\"><\/td>\n<td style=\"text-align: center;\" align=\"left\">P\u00e9riode 1<\/td>\n<td style=\"text-align: center;\" align=\"left\">P\u00e9riode 2<\/td>\n<td style=\"text-align: center;\" align=\"left\">P\u00e9riode 3<\/td>\n<td style=\"text-align: center;\" align=\"left\">P\u00e9riode 4<\/td>\n<td style=\"text-align: center;\" align=\"left\"><\/td>\n<\/tr>\n<tr>\n<td align=\"left\" height=\"19\"><\/td>\n<td align=\"left\"><\/td>\n<td align=\"left\"><\/td>\n<td align=\"left\"><\/td>\n<td align=\"left\"><\/td>\n<td align=\"left\"><\/td>\n<\/tr>\n<tr>\n<td align=\"left\" height=\"19\">Weekend (2n)<\/td>\n<td align=\"center\">550<\/td>\n<td align=\"center\">600<\/td>\n<td align=\"center\"><\/td>\n<td align=\"center\"><\/td>\n<td align=\"center\"><\/td>\n<\/tr>\n<tr>\n<td align=\"left\" height=\"19\"><\/td>\n<td align=\"center\"><\/td>\n<td align=\"center\"><\/td>\n<td align=\"center\"><\/td>\n<td align=\"center\"><\/td>\n<td align=\"center\"><\/td>\n<\/tr>\n<tr>\n<td align=\"left\" height=\"19\">Weekend (3n)<\/td>\n<td align=\"center\">615<\/td>\n<td align=\"center\">670<\/td>\n<td align=\"center\"><\/td>\n<td align=\"center\">820<\/td>\n<td align=\"center\"><\/td>\n<\/tr>\n<tr>\n<td align=\"left\" height=\"19\"><\/td>\n<td align=\"center\"><\/td>\n<td align=\"center\"><\/td>\n<td align=\"center\"><\/td>\n<td align=\"center\"><\/td>\n<td align=\"center\"><\/td>\n<\/tr>\n<tr>\n<td align=\"left\" height=\"19\">Mi-semaine<\/td>\n<td align=\"center\">650<\/td>\n<td align=\"center\">700<\/td>\n<td align=\"center\"><\/td>\n<td align=\"center\"><\/td>\n<td align=\"center\"><\/td>\n<\/tr>\n<tr>\n<td align=\"left\" height=\"19\"><\/td>\n<td align=\"center\"><\/td>\n<td align=\"center\"><\/td>\n<td align=\"center\"><\/td>\n<td align=\"center\"><\/td>\n<td align=\"center\"><\/td>\n<\/tr>\n<tr>\n<td align=\"left\" height=\"19\">Une semaine<\/td>\n<td align=\"center\">840<\/td>\n<td align=\"center\">940<\/td>\n<td align=\"center\">1020<\/td>\n<td align=\"center\"><\/td>\n<td align=\"center\"><\/td>\n<\/tr>\n<\/tbody>\n<\/table>\n<p><strong>Description des p\u00e9riodes:<\/strong><br \/>\nP\u00e9riode 1: jan., f\u00e9vr., mars, novembre et d\u00e9cembre<br \/>\n(except\u00e9 les p\u00e9riodes mentionn\u00e9es ci-dessous)<br \/>\nP\u00e9riode 2: avril, mai, juin, sept., octobre, vacances scolaires<br \/>\nP\u00e9riode 3: \u00a0juillet et ao\u00fbt<br \/>\nP\u00e9riode 4: WE P\u00e2ques, WE Pentec\u00f4te, l&#8217;Ascension et La Toussaint<br \/>\n(uniquement \u00a0\u00e0 louer par 3 nuits)<br \/>\nNo\u00ebl, Nouvel An: prix forfaitaire de 918\u20ac (minimum 3 nuits)<\/p>\n<p><strong>Frais suppl\u00e9mentaires:<\/strong><br \/>\nNettoyage (obligatoire): 135\u20ac<br \/>\nEau + Energie: 15\u20ac\/jour p\u00e9riode du 1 mai au 30 sept<br \/>\n22\u20ac\/jour entre le 1 oct. et 30 avril<br \/>\nCaution: 400\u20ac \u00a0(rembours\u00e9e sur un compte bancaire sans d\u00e9g\u00e2ts dans les 7 jours apr\u00e8s votre s\u00e9jour)<br \/>\nTaxe de s\u00e9jour : 0,83\u20ac par personne par nuit\u00e9e \u00e0 partir de 18 ans ( tarif 2025)<br \/>\n<em><span style=\"text-decoration: underline;\">Linge de lit en option<\/span>: 9\u20ac\u00a0par personne<\/em><\/p>\n<p><strong>R\u00e9servation<\/strong><br \/>\nLa r\u00e9servation n&#8217;est d\u00e9finitive qu&#8217;apr\u00e8s r\u00e9ception de l&#8217;acompte \u00a0( 50% du montant de la location).<br \/>\nLe solde de la location et la caution sont payables deux semaines avant votre arriv\u00e9e.<br \/>\nL&#8217;acompte sera retenu si une annulation est faite moins de 30 jours avant votre arriv\u00e9e.<\/p>\n<p><strong>Responsabilit\u00e9:<\/strong><br \/>\nNous ne pouvons pas \u00eatre responsable pour des frais \u00e0 la suite de dommages mat\u00e9riels ou personnels pendant votre s\u00e9jour dans notre maison de vacances La Fumacienne.<br \/>\nNous n&#8217;acceptons pas des r\u00e9servations pour des groupes de jeunes &lt;25 ans afin de pouvoir continuer \u00e0 garantir la qualit\u00e9 de notre maison de vacances.<\/p>\n<p><strong>Disponibilit\u00e9<\/strong><\/p>\n<p>traduction: bezet= non-disponible ou r\u00e9serv\u00e9e<\/p>\n<p><iframe loading=\"lazy\" style=\"border: 0;\" src=\"https:\/\/calendar.google.com\/calendar\/embed?src=4cdi5jca5vebcdfemod56822n8%40group.calendar.google.com&amp;ctz=Europe\/Brussels\" width=\"800\" height=\"600\" frameborder=\"0\" scrolling=\"no\"><\/iframe><\/p>\n","protected":false},"excerpt":{"rendered":"<p>Prix P\u00e9riode 1 P\u00e9riode 2 P\u00e9riode 3 P\u00e9riode 4 Weekend (2n) 550 600 Weekend (3n) 615 670 820 Mi-semaine 650 700 Une semaine 840 940 1020 Description des p\u00e9riodes: P\u00e9riode 1: jan., f\u00e9vr., mars, novembre et d\u00e9cembre (except\u00e9 les p\u00e9riodes mentionn\u00e9es ci-dessous) P\u00e9riode 2: avril, mai, juin, sept., octobre, vacances scolaires P\u00e9riode 3: \u00a0juillet et&hellip; <a class=\"more-link\" href=\"https:\/\/www.lafumacienne.com\/?page_id=388\">Lees verder <span class=\"screen-reader-text\">Prix et Disponibilit\u00e9<\/span><\/a><\/p>\n","protected":false},"author":1,"featured_media":0,"parent":0,"menu_order":2,"comment_status":"closed","ping_status":"closed","template":"","meta":{"footnotes":""},"class_list":["post-388","page","type-page","status-publish","hentry","entry"],"_links":{"self":[{"href":"https:\/\/www.lafumacienne.com\/index.php?rest_route=\/wp\/v2\/pages\/388","targetHints":{"allow":["GET"]}}],"collection":[{"href":"https:\/\/www.lafumacienne.com\/index.php?rest_route=\/wp\/v2\/pages"}],"about":[{"href":"https:\/\/www.lafumacienne.com\/index.php?rest_route=\/wp\/v2\/types\/page"}],"author":[{"embeddable":true,"href":"https:\/\/www.lafumacienne.com\/index.php?rest_route=\/wp\/v2\/users\/1"}],"replies":[{"embeddable":true,"href":"https:\/\/www.lafumacienne.com\/index.php?rest_route=%2Fwp%2Fv2%2Fcomments&post=388"}],"version-history":[{"count":46,"href":"https:\/\/www.lafumacienne.com\/index.php?rest_route=\/wp\/v2\/pages\/388\/revisions"}],"predecessor-version":[{"id":1205,"href":"https:\/\/www.lafumacienne.com\/index.php?rest_route=\/wp\/v2\/pages\/388\/revisions\/1205"}],"wp:attachment":[{"href":"https:\/\/www.lafumacienne.com\/index.php?rest_route=%2Fwp%2Fv2%2Fmedia&parent=388"}],"curies":[{"name":"wp","href":"https:\/\/api.w.org\/{rel}","templated":true}]}}