{"id":396,"date":"2015-01-12T12:30:18","date_gmt":"2015-01-12T11:30:18","guid":{"rendered":"http:\/\/www.lafumacienne.be\/ligging-en-route\/?lang=fr"},"modified":"2016-04-08T12:07:04","modified_gmt":"2016-04-08T11:07:04","slug":"ligging-en-route","status":"publish","type":"page","link":"https:\/\/www.lafumacienne.com\/?page_id=396","title":{"rendered":"Localisation et route"},"content":{"rendered":"<p>Notre maison de vacances \u00e0 Fumay se situe \u00e0 146 km de Bruxelles, 180 km d&#8217;Anvers et 170 km de Maastricht, \u00e0 quelques kilom\u00e8tres de la fronti\u00e8re belge. Elle se trouve dans une partie de la douce France, peut-\u00eatre mal connue mais certainement \u00e0 d\u00e9couvrir!<br \/>\n<span style=\"color: #000000;\"><b>La<\/b><\/span>\u00a0<strong>Fumacienne<\/strong> &#8211; <strong>adresse<\/strong>:<br \/>\n5, Rue du Docteur Bourgeois, 08170 Fumay, \u00a0 France<\/p>\n<div id=\"wpgmza_map\" class=\"wpgmza_map\" data-settings=\"{&quot;id&quot;:&quot;1&quot;,&quot;map_title&quot;:&quot;La Fumacienne&quot;,&quot;map_width&quot;:&quot;100&quot;,&quot;map_height&quot;:&quot;400&quot;,&quot;map_start_lat&quot;:&quot;49.998531&quot;,&quot;map_start_lng&quot;:&quot;4.707223&quot;,&quot;map_start_location&quot;:&quot;49.998531054830025,4.7072228672119465&quot;,&quot;map_start_zoom&quot;:&quot;9&quot;,&quot;default_marker&quot;:&quot;0&quot;,&quot;type&quot;:&quot;3&quot;,&quot;alignment&quot;:&quot;1&quot;,&quot;directions_enabled&quot;:&quot;1&quot;,&quot;styling_enabled&quot;:&quot;0&quot;,&quot;styling_json&quot;:&quot;&quot;,&quot;active&quot;:&quot;0&quot;,&quot;kml&quot;:&quot;&quot;,&quot;bicycle&quot;:&quot;0&quot;,&quot;traffic&quot;:&quot;0&quot;,&quot;dbox&quot;:&quot;1&quot;,&quot;dbox_width&quot;:&quot;250&quot;,&quot;listmarkers&quot;:&quot;0&quot;,&quot;listmarkers_advanced&quot;:&quot;0&quot;,&quot;filterbycat&quot;:&quot;0&quot;,&quot;ugm_enabled&quot;:&quot;0&quot;,&quot;ugm_category_enabled&quot;:&quot;0&quot;,&quot;fusion&quot;:&quot;&quot;,&quot;map_width_type&quot;:&quot;\\\\%&quot;,&quot;map_height_type&quot;:&quot;px&quot;,&quot;mass_marker_support&quot;:&quot;1&quot;,&quot;ugm_access&quot;:&quot;0&quot;,&quot;order_markers_by&quot;:&quot;1&quot;,&quot;order_markers_choice&quot;:&quot;2&quot;,&quot;show_user_location&quot;:&quot;0&quot;,&quot;default_to&quot;:&quot;&quot;,&quot;other_settings&quot;:{&quot;store_locator_enabled&quot;:2,&quot;store_locator_distance&quot;:2,&quot;store_locator_bounce&quot;:1,&quot;store_locator_query_string&quot;:&quot;ZIP \\\/ Address:&quot;,&quot;wpgmza_store_locator_restrict&quot;:&quot;&quot;,&quot;map_max_zoom&quot;:&quot;3&quot;,&quot;weather_layer&quot;:2,&quot;weather_layer_temp_type&quot;:1,&quot;cloud_layer&quot;:2,&quot;transport_layer&quot;:0}}\" data-map-id='1' Data-maps-engine='' data-shortcode-attributes=\"{&quot;id&quot;:&quot;1&quot;}\" style=\"display:block; overflow:auto; width:100%; height:400px; float:left;\"><\/div>\n","protected":false},"excerpt":{"rendered":"<p>Notre maison de vacances \u00e0 Fumay se situe \u00e0 146 km de Bruxelles, 180 km d&#8217;Anvers et 170 km de Maastricht, \u00e0 quelques kilom\u00e8tres de la fronti\u00e8re belge. Elle se trouve dans une partie de la douce France, peut-\u00eatre mal connue mais certainement \u00e0 d\u00e9couvrir! La\u00a0Fumacienne &#8211; adresse: 5, Rue du Docteur Bourgeois, 08170 Fumay,&hellip; <a class=\"more-link\" href=\"https:\/\/www.lafumacienne.com\/?page_id=396\">Lees verder <span class=\"screen-reader-text\">Localisation et route<\/span><\/a><\/p>\n","protected":false},"author":1,"featured_media":0,"parent":0,"menu_order":0,"comment_status":"closed","ping_status":"closed","template":"","meta":{"footnotes":""},"class_list":["post-396","page","type-page","status-publish","hentry","entry"],"_links":{"self":[{"href":"https:\/\/www.lafumacienne.com\/index.php?rest_route=\/wp\/v2\/pages\/396","targetHints":{"allow":["GET"]}}],"collection":[{"href":"https:\/\/www.lafumacienne.com\/index.php?rest_route=\/wp\/v2\/pages"}],"about":[{"href":"https:\/\/www.lafumacienne.com\/index.php?rest_route=\/wp\/v2\/types\/page"}],"author":[{"embeddable":true,"href":"https:\/\/www.lafumacienne.com\/index.php?rest_route=\/wp\/v2\/users\/1"}],"replies":[{"embeddable":true,"href":"https:\/\/www.lafumacienne.com\/index.php?rest_route=%2Fwp%2Fv2%2Fcomments&post=396"}],"version-history":[{"count":3,"href":"https:\/\/www.lafumacienne.com\/index.php?rest_route=\/wp\/v2\/pages\/396\/revisions"}],"predecessor-version":[{"id":409,"href":"https:\/\/www.lafumacienne.com\/index.php?rest_route=\/wp\/v2\/pages\/396\/revisions\/409"}],"wp:attachment":[{"href":"https:\/\/www.lafumacienne.com\/index.php?rest_route=%2Fwp%2Fv2%2Fmedia&parent=396"}],"curies":[{"name":"wp","href":"https:\/\/api.w.org\/{rel}","templated":true}]}}